 digit of 281499591?
2
What is the millions digit of 2324882971?
4
What is the billions digit of 7716524077?
7
What is the millions digit of 135410652?
5
What is the ten millions digit of 143108317?
4
What is the hundreds digit of 17111282?
2
What is the hundreds digit of 74949264?
2
What is the hundreds digit of 95403383?
3
What is the hundred millions digit of 131465777?
1
What is the hundreds digit of 1387334456?
4
What is the ten millions digit of 269300158?
6
What is the thousands digit of 1990815015?
5
What is the ten millions digit of 110916192?
1
What is the units digit of 49114359?
9
What is the hundred millions digit of 898738967?
8
What is the hundred thousands digit of 24196999?
1
What is the millions digit of 1123326907?
3
What is the thousands digit of 179381492?
1
What is the thousands digit of 1068048843?
8
What is the billions digit of 3188033203?
3
What is the millions digit of 1708457664?
8
What is the units digit of 681322490?
0
What is the tens digit of 156711326?
2
What is the hundreds digit of 31560504?
5
What is the hundred thousands digit of 4663118489?
1
What is the hundred thousands digit of 282163220?
1
What is the units digit of 45892901?
1
What is the ten thousands digit of 170193490?
9
What is the tens digit of 57069045?
4
What is the ten thousands digit of 5397933953?
3
What is the tens digit of 626886253?
5
What is the millions digit of 580946856?
0
What is the tens digit of 88545039?
3
What is the units digit of 243360482?
2
What is the hundred thousands digit of 53852319?
8
What is the hundreds digit of 2841059278?
2
What is the hundred thousands digit of 745296?
7
What is the hundred millions digit of 331585929?
3
What is the thousands digit of 1418340448?
0
What is the hundred millions digit of 6421797535?
4
What is the hundreds digit of 7090330?
3
What is the millions digit of 80856985?
0
What is the ten thousands digit of 860407086?
0
What is the units digit of 81936079?
9
What is the hundreds digit of 251933712?
7
What is the thousands digit of 1551756058?
6
What is the hundred thousands digit of 3202274290?
2
What is the thousands digit of 36046487?
6
What is the ten millions digit of 611102365?
1
What is the hundred thousands digit of 205165271?
1
What is the ten millions digit of 1309957988?
0
What is the ten thousands digit of 2189679326?
7
What is the hundred millions digit of 301928256?
3
What is the ten thousands digit of 68419688?
1
What is the millions digit of 171470439?
1
What is the units digit of 22631577?
7
What is the hundreds digit of 522887948?
9
What is the hundreds digit of 225552846?
8
What is the ten thousands digit of 2401284883?
8
What is the hundred millions digit of 189913836?
1
What is the hundreds digit of 49331209?
2
What is the hundred millions digit of 520373182?
5
What is the hundred thousands digit of 92882306?
8
What is the thousands digit of 154072844?
2
What is the units digit of 797584724?
4
What is the ten thousands digit of 363521996?
2
What is the millions digit of 2200081765?
0
What is the ten thousands digit of 44791372?
9
What is the units digit of 114144299?
9
What is the millions digit of 132361110?
2
What is the tens digit of 63545299?
9
What is the millions digit of 51515293?
1
What is the ten thousands digit of 44773880?
7
What is the hundred thousands digit of 3068493141?
4
What is the hundred millions digit of 345324429?
3
What is the thousands digit of 54093296?
3
What is the tens digit of 54753210?
1
What is the units digit of 16590159?
9
What is the units digit of 1660374361?
1
What is the ten thousands digit of 3014053?
1
What is the millions digit of 221943548?
1
What is the ten millions digit of 213809988?
1
What is the ten millions digit of 1048877228?
4
What is the hundred millions digit of 281040715?
2
What is the ten thousands digit of 945806528?
0
What is the hundred thousands digit of 13208345?
2
What is the hundred thousands digit of 1686764929?
7
What is the hundred thousands digit of 323187405?
1
What is the tens digit of 1824438436?
3
What is the hundred millions digit of 2032089710?
0
What is the hundred millions digit of 855785947?
8
What is the tens digit of 77121066?
6
What is the ten millions digit of 44906455?
4
What is the thousands digit of 840463508?
3
What is the hundred thousands digit of 64134798?
1
What is the tens digit of 42929982?
8
What is the ten thousands digit of 1200795874?
9
What is the hundreds digit of 2461513061?
0
What is the hundred millions digit of 233108466?
2
What is the hundreds digit of 80073741?
7
What is the thousands digit of 841387923?
7
What is the ten thousands digit of 60760454?
6
What is the hundred thousands digit of 13438230?
4
What is the tens digit of 2340544071?
7
What is the thousands digit of 9068826?
8
What is the ten thousands digit of 4670451?
7
What is the billions digit of 3036793773?
3
What is the hundred thousands digit of 116211533?
2
What is the thousands digit of 882952881?
2
What is the ten millions digit of 69511956?
6
What is the ten millions digit of 61025783?
6
What is the millions digit of 30330070?
0
What is the millions digit of 808475368?
8
What is the units digit of 520604223?
3
What is the tens digit of 22453238?
3
What is the units digit of 25902461?
1
What is the millions digit of 21959013?
1
What is the ten millions digit of 133877492?
3
What is the hundred thousands digit of 659800840?
8
What is the ten millions digit of 4476008593?
7
What is the thousands digit of 598680240?
0
What is the ten thousands digit of 70867582?
6
What is the millions digit of 254889970?
4
What is the millions digit of 799391580?
9
What is the hundreds digit of 902379471?
4
What is the units digit of 99051476?
6
What is the tens digit of 962644135?
3
What is the hundred thousands digit of 565667505?
6
What is the units digit of 358511276?
6
What is the hundred millions digit of 4239773815?
2
What is the ten thousands digit of 3336078?
3
What is the ten thousands digit of 561113750?
1
What is the billions digit of 1448516541?
1
What is the ten thousands digit of 7794353110?
5
What is the hundred thousands digit of 5942822?
9
What is the thousands digit of 471465528?
5
What is the ten millions digit of 48851450?
4
What is the hundred millions digit of 670469676?
6
What is the ten millions digit of 285514894?
8
What is the ten thousands digit of 241343617?
4
What is the ten thousands digit of 199144109?
4
What is the thousands digit of 1488406751?
6
What is the thousands digit of 2133663472?
3
What is the hundred millions digit of 2072676611?
0
What is the tens digit of 247073357?
5
What is the tens digit of 269381815?
1
What is the ten thousands digit of 908336628?
3
What is the thousands digit of 386683642?
3
What is the units digit of 48654139?
9
What is the ten thousands digit of 50739868?
3
What is the hundreds digit of 104744907?
9
What is the hundred thousands digit of 34036943?
0
What is the thousands digit of 66190895?
0
What is the hundreds digit of 451123082?
0
What is the tens digit of 2513011927?
2
What is the hundred thousands digit of 34914890?
9
What is the hundreds digit of 6211207874?
8
What is the millions digit of 6106561498?
6
What is the tens digit of 20954452?
5
What is the thousands digit of 8762507?
2
What is the ten thousands digit of 73413473?
1
What is the ten millions digit of 1921924602?
2
What is the hundreds digit of 6006899316?
3
What is the tens digit of 31667092?
9
What is the hundred thousands digit of 479811513?
8
What is the ten millions digit of 450161754?
5
What is the hundreds digit of 875264492?
4
What is the units digit of 56112753?
3
What is the hundred thousands digit of 253804117?
8
What is the tens digit of 7468570701?
0
What is the ten millions digit of 1448194496?
4
What is the units digit of 111930191?
1
What is the hundred millions digit of 197711921?
1
What is the ten thousands digit of 6161800242?
0
What is the ten millions digit of 65323013?
6
What is the ten thousands digit of 2122133799?
3
What is the tens digit of 7921198659?
5
What is the millions digit of 372279631?
2
What is the millions digit of 4134993589?
4
What is the ten millions digit of 59420303?
5
What is the thousands digit of 743779032?
9
What is the millions digit of 216